+ (-20 - -1))).
61
What is 2 + (19 - 5) + -10 + 15?
21
23 + (-9 - -6) + 20 + 1
41
What is the value of -102 + ((-28 - -9) + 13 - ((14 - 35) + 11))?
-98
Calculate (-3 - -45) + -8 - (2 - 1) - -5.
38
What is -61 + 21 + 13 + 18?
-9
What is the value of 15 - (12 + -13 + (1 - 10))?
25
What is the value of -8779 + 8678 - (-74 - 0)?
-27
Calculate 15 + -21 - (-1 - (12 - 2)) - 62.
-57
Evaluate -7 + 1 + (137 - 167) + 148.
112
Evaluate (59 - 159) + 19 - ((-4 - -2) + 2 - 7).
-74
25 - (-2 + 2 - (16 + -19)) - (-53 + 62)
13
-62 + -19 - (-27 - 5 - -9)
-58
Evaluate 0 + (-52 - -1) + (41 + -8 - 21).
-39
Calculate 36 + 6 + -204 + 123.
-39
Calculate 8 + 0 + 23 + -236 + 216.
11
Evaluate -11 - (34 + -44 - (1 + -7)).
-7
What is 117 + -4 + (-81 + 42 - -38)?
112
What is the value of 10 + (17 - 0) + (-5 + (-17 - -21) - 13)?
13
What is (-3 - -1) + -115 + (-28 - -91)?
-54
Calculate (21 - (-16 - -37) - -8) + -57.
-49
Evaluate (-38 - ((14 - 27) + -11)) + (1 - -14).
1
Calculate 65 - ((12 - 146) + 268).
-69
Evaluate (22 - (-14 - (19 + -98))) + (5 - -2).
-36
What is 15 + (1 + 0 - 6) - 4?
6
Calculate -105 + (253 - 106 - 21).
21
What is the value of -11 - 3 - (44 - (73 - 4))?
11
What is -90 - -77 - (-4 - (0 + -3) - (-3 + 50))?
35
Calculate (3 - (29 + 3 + 5)) + (15 - (-19 + 24)).
-24
What is (-4 - (5 - (7 + -4 - -5))) + -32?
-33
What is the value of (-26 - (-77 + -7 + 35)) + 54?
77
Evaluate 129 - 134 - (2 + 4 + 18 + -2 - -2).
-29
Calculate (3 - (-2 - -34)) + (341 - 306).
6
Calculate 36 - (-30 - (-26 + -80)).
-40
What is the value of 54 + -66 - (20 + -3)?
-29
(9 - -61) + -537 + 527
60
Calculate -24 + (78 - 18 - 106).
-70
Calculate -32 - (8 + 5 - (-8 + -8 - -8 - -15)).
-38
-13 - 4 - (103 - 30) - -22
-68
Evaluate -60 - (-28 - (-67 - -33 - 17)).
-83
Evaluate -123 + 143 - (8 + 2) - (0 - -1).
9
What is the value of 28 + -1 + -7 - 8 - -17 - -16?
45
What is the value of 40 + -46 + (-12 - -24) + 16 - 107?
-85
Evaluate (100 - 96) + (-19 - ((6 + -1 - -7) + -5)).
-22
Calculate 0 + -3 + -47 - -80.
30
Evaluate 9 + -55 + 13 + 22 - 7.
-18
Evaluate 1 - -75 - (-49 - -23 - (25 + -56)).
71
What is -23 + -4 - (-118 - -13) - 16?
62
Evaluate 2 + (76 - 10) + -51.
17
Calculate 31 + (-52 - (-84 - -4)).
59
What is the value of (18 - -2) + (266 - 310) + 84?
60
What is the value of 4 + (104 - 90) - (3 + -1 + 16)?
0
4790 + -4977 - (-2 - 85)
-100
-110 - (-30 - 36 - 0)
-44
Calculate (-6584 - -6589) + -1 + 1.
5
Calculate 110 + (-67 - -3) + -58.
-12
-1 + (18 + -5 + -33 - -19)
-2
-141 + 105 + -39 + 63
-12
Evaluate -13 + (-11 - (-10 + 1 - (4 - 2))).
-13
Calculate (4 - 4) + (13 - (-19 + 53 + -10)).
-11
What is (-326 - -320) + (1 - (7 - 3) - -26)?
17
(-85 - -188) + 53 + -6
150
What is the value of -891 - -912 - (-1 - -55)?
-33
What is (5 - 6) + 3 + 89 - (1 + 20 + -30)?
100
Evaluate -8 - -28 - (-19 + 97).
-58
What is 1 + -55 + (-5264 - -5392)?
74
Evaluate (-108 - (-46 - 15)) + 14.
-33
Evaluate 4 + (-8 + 39 - 5).
30
Evaluate 13 + 4 + (-74 - -8 - -3) + 8.
-38
(-72 - -8) + (-5 - -3 - -24) + -11
-53
Calculate -132 - ((760 - 761) + -4 + 1 + 0).
-128
Evaluate -47 + (1 - 1 - (12 - 11)) - (-2873 - -2885).
-60
What is the value of 3 + -13 + (26 + -2 - 21) + 95?
88
What is ((14 - -3) + 1 - 2) + (248 - 238)?
26
What is the value of -2 - (0 - 4 - (-48 + 12 + 32))?
-2
What is the value of 20 + (-35 - (-28 + 35)) - -40?
18
What is -8 + (33 - -2 - (25 - (9 - -2)))?
13
Evaluate 30 + (-41 - (57 - 27)).
-41
Evaluate 62 + 115 + -95 - 123.
-41
What is (-24 - 1) + 1861 + -1793 + (0 - 60)?
-17
Evaluate 25 + 49 - 32 - 35 - -33.
40
What is -16 - (34 + -12 + 100) - -22?
-116
Calculate (-8 - (-8 + 8 + -7) - (46 - -16)) + -9.
-72
Evaluate 1 + (35 + -18 - 7 - (1 + 3 + 4)).
3
63 - 19 - (1 - -1 - 6 - (-99 + 101))
50
Evaluate (-3 - (-27 + -1)) + -223 + 198.
0
Evaluate 3 - (-21 + 37) - 23 - (22 + -20).
-38
What is -51 + -14 + 1 + (7 - 23) + 15?
-65
Calculate 103 + -98 + -48 - (1 + 1 + 6).
-51
Calculate (9 - -2) + (-9 - -33) + -9 - 3.
23
What is the value of 89 - (-6 + 19 + 5 - 10 - -12)?
69
-5 + 74 + -1 + (2231 - 2201)
98
What is the value of (-7 - 4) + 4 + 50 + (2 + -1 - -10)?
54
Calculate -2 - (-31 + 14) - (5 + -23 + 14).
19
(399 - 408 - (-2 + -37)) + -101
-71
Evaluate (-12 - 10) + -12 + 7 + -1 - 13.
-41
What is the value of (56 - (-5 - -2)) + (-1 - (-17 - -15 - -9))?
51
What is the value of (-94 + 31 + 24 - -10) + 118?
89
-15 + 18 + -10 + -1 - (4 - 3)
-9
What is 16 + ((-73 - -23) + 17 - 3)?
-20
Evaluate 38 + (117 - (42 - 11)).
124
Calculate -11 + 4 + 0 - ((-10 - 56) + 4).
55
-40 + 40 + (-23 - -44)
21
What is (-1 + 11 - (5 + 8 + -20)) + (0 - -14)?
31
Evaluate 5 + (-3 - -8) + -16 + 2 + -2 + 16.
10
What is (128 - 147) + (15 - (-8 + -3))?
7
Calculate 4 - (106 + (-96 - -40)).
-46
What is the value of (-14 + 0 - (-130 - -155)) + (-2 - (3 - 2))?
-42
Calculate 1 - ((-80 - -151) + -155).
85
(-31 - -31 - -4) + (-54 + 0 + -3 - -2)
-51
What is 0 - -3 - (-99 - -171 - 75) - (1 - -34)?
-29
(-12 - -62) + -40 - (-20 + -1)
31
Calculate -10 - (-10 + (0 - (35 - 22 - 12))).
1
Calculate (46 - -4) + 0 + 97 + -92.
55
Calculate (-23 - -37) + -19 - (1 + -7) - 16.
-15
Calculate -21 + (125 - (-25 + 64 - -4)).
61
Evaluate (20 - -1) + 8 + (-8 - -15).
36
What is -23 - (9 - (-10 - 0 - -15) - 1)?
-26
What is the value of 100 + -104 - (7 + -6 + 11) - -60?
44
What is 9 + -12 + 16 + 0 + (-4 - 3) + -7?
-1
What is -58 + (67 - 67 - -5)?
-53
What is -23 + (28 + -2 - (-195 - -214)) - -97?
81
What is the value of (76 - 98) + 54 + -29?
3
What is (4 - -1) + 36 + -14 + -13 - 56?
-42
What is the value of -31 + -35 + 63 + -20?
-23
Evaluate -120 - (-12 + 1 - 60).
-49
(1 - 24 - (-1514 - -1504)) + (-1 - 22)
-36
-8 - ((7 - 47) + 48) - 42
-58
Calculate -29 - 0 - (669 - 690) - (-36 + -2 + -1).
31
Evaluate (-52 - (-147 - -40)) + 9.
64
What is the value of (112 - (9 + -11 + 10)) + (-8 - (-7 + 2))?
101
What is -39 + 0 - (87 + (-9 - 77))?
-40
6 + -1 - (-14 + 2 + 9 - -35) - 8
-35
What is 37 + -37 + -1 + (-43 - 2 - -5 - -5)?
-36
What is the value of (123 - -131 - 123) + (-7 - (2 - 3))?
125
Calculate (-4 + 1 - (-435 - -421)) + -2.
9
What is the value of (12 - 2 - 1) + 1 - -1?
11
What is the value of 20 + -42 - (-21 + (5 - (-1 - 4)))?
-11
What is the value of 11 + (-7 - 5) + (-1 - (-5 - (-6 - 0)))?
-3
Evaluate 17 + -4 + 86 - (-53 + 89).
63
Calculate -31 - (-49 - (16 - 37)).
-3
Calculate (-7 - -65 - (-1 - -30)) + -2.
27
Evaluate -56 + (-29 - -58) - -18.
-9
What is the value of -45 - ((5 - (-18 + 5) - 8) + -13 - -11)?
-53
21 + (-2 - 3) + 18 + 25 + -19
40
Calculate (72 - 41 - 37) + 2 + -5.
-9
What is -1 + 16 + -3 + -54 + (47 - -17)?
22
What is the value of -18 - (-24 + (4 - (27 + -27)))?
2
What is 48 + (-9 - 16 - 30)?
-7
What is the value of ((-11 - -2) + -30 - -30) + 8?
-1
What is the value of 84 + (-15 + (-11 - (-26 + 7)) - -11) + -10?
78
Evaluate 7 + (-6 - -5) - (-39 - -19 - 16).
42
-53 + -1 - (-17 - -23 - (19 + -9 + 0))
-50
16 - (4 - 2 - (2 + -15 + 20))
21
What is the value of 5 + 2 - (-2084 - -2041)?
50
What is the value of -56 - (-1 + (2 - 17) - -2)?
-42
Evaluate 61 - (-31 + 86) - (-1 + (0 - -77) - -1).
-71
What is (-33 - 81 - -78) + (1 - -16) - -142?
123
What is (76 - (-113 - -36)) + -191?
-38
What is -30 + (-51 - -52 - -42)?
13
Evaluate -20 - ((-38 - -30) + 47 + -145).
86
Evaluate 10 + (-7 - 25) - -70.
48
Calculate (-1 - 5) + 1 + -18 + -64 + -49 + 37.
-99
What is the value of (-22 - (-17 + 13)) + 5 + -34 + (0 - 12)?
-59
Evaluate -4227 + 4263 + (0 - 52).
-16
What is (-12 - -27 - (7 + -2)) + -19 - (-1 - -34)?
-42
Evaluate 7 - (3 - 15 - (-5 + -3 - (-6 + 1))).
16
What is 152 + (-355 - -318) + -1 + 24?
138
Evaluate -1 + 2 - (-13 + -15 + 35 - -6).
-12
(4 - -1 - -77) + -177 + 158
63
Evaluate (-13 - -36) + (94 - (-3 + 6 + 9)).
105
(-23 - (18 + -2 + -27)) + -2 - 28
-42
(-54 - -94) + -56 + -46
-62
What is the value of -8 + (96 - 72) - 88?
-72
What is the value of 36 - (21 - (-4 - (0 - 13 - -3)))?
21
What is the value of 11 + 1 - (1426 + -1515)?
101
What is the value of -73 + (74 + 103 - 45)?
59
Calculate (-259 + 568 - 311) + 2 + 0 + 0.
0
What is the value of -8 + -36 + -17 - -3?
-58
What is 28 - (-20 + 36 - (20 - -6))?
38
What is (4787 - 4625) + -85 + -1?
76
What is the value of 26 - ((48 - 23) + (-11 - (12 + -4 + -7)))?
13
What is 9840 + -9890 + (1 - -84)?
35
Evaluate (-5 - (27 + (-72 - -20))) + 51.
71
Wha